ermine j(-5).
662
Let a(q) = -q**2 - 33*q + 420. What is a(-29)?
536
Let m(q) = 4*q**2 + 6*q - 42. What is m(-4)?
-2
Let k(x) = -392*x + 1960. What is k(5)?
0
Let b(p) = p**3 + 4*p**2 - 14*p - 13. Give b(-5).
32
Let g(n) = 20*n - 266. Give g(9).
-86
Let q(f) = 4*f**3 - 83*f**2 - 16*f - 85. Give q(21).
20
Let d(s) = 4*s**3 - 16*s**2 + 21*s - 40. Give d(7).
695
Let t(z) = 3*z**3 - 17*z**2 + 26*z + 8. What is t(3)?
14
Let p(z) = 19*z + 1342. What is p(-70)?
12
Let b(t) = 81*t + 307. Calculate b(5).
712
Let q(f) = -f**3 - 6*f**2 + 157*f - 36. Determine q(-16).
12
Let j(t) = -306*t - 615. What is j(-2)?
-3
Let y(u) = -u**3 - u**2 + 13*u - 963. Calculate y(0).
-963
Let b(q) = 3*q - 265. Determine b(82).
-19
Let j(q) = 2*q**2 - 19*q - 232. What is j(-7)?
-1
Let g(p) = -853*p + 6819. What is g(8)?
-5
Let z(q) = 304*q**2 + 904*q - 22. Determine z(-3).
2
Let s(k) = 42*k + 3058. What is s(-73)?
-8
Let c(r) = -3*r**3 - 11*r**2 + 7*r + 3. Calculate c(-4).
-9
Let d(z) = 87*z - 1040. Calculate d(12).
4
Let o(w) = w**2 + 8*w - 8. What is o(4)?
40
Let u(k) = -1160*k - 8118. Give u(-7).
2
Let o(c) = -78*c + 2516. Give o(32).
20
Let s(m) = -15*m**3 + 6*m**2 + 18*m + 19. Give s(-2).
127
Let i(s) = -94*s - 215. Calculate i(-5).
255
Let r(z) = -z**3 - 2*z**2 + 365*z + 1753. Give r(-5).
3
Let g(k) = 93*k + 7738. What is g(-83)?
19
Let n(o) = -39*o + 1174. What is n(30)?
4
Let k(s) = -6*s**3 - 2*s**2 + 6*s + 38. Determine k(0).
38
Let z(v) = 83*v + 6386. Determine z(-78).
-88
Let u(o) = 30*o**2 + 48*o - 61. Determine u(5).
929
Let z(o) = -6*o**3 + 51*o**2 - 18*o - 22. Calculate z(8).
26
Let a(b) = b**3 - 40*b**2 - 2*b - 35. Determine a(40).
-115
Let u(p) = 2*p**2 - 19*p + 59. Calculate u(16).
267
Let l(j) = -j**3 - 38*j**2 - 2*j - 18. What is l(-38)?
58
Let q(p) = 14*p - 130. Give q(11).
24
Let g(d) = -5*d**3 - 29*d**2 + 7*d + 5. Determine g(-6).
-1
Let b(s) = 15*s + 131. Calculate b(-17).
-124
Let h(p) = 27*p + 784. Give h(-27).
55
Let v(m) = -10*m**2 + 30*m + 18. Give v(3).
18
Let d(m) = -m**2 - 30*m - 160. Give d(-24).
-16
Let y(w) = 17*w**2 - 2769*w - 325. What is y(163)?
1
Let w(b) = -b**3 - 92*b**2 - 78. Determine w(-92).
-78
Let c(x) = -26*x - 1647. Give c(-63).
-9
Let n(y) = 294*y + 16463. What is n(-56)?
-1
Let j(s) = 3*s**3 + 5*s**2 - 7*s - 4. What is j(4)?
240
Let l(r) = -581*r + 13943. Calculate l(24).
-1
Let x(k) = -k**3 - 21*k**2 - 105*k - 7. Give x(-8).
1
Let l(m) = -m**3 + 66*m**2 - 663*m - 351. Determine l(13).
-13
Let l(f) = -2*f**3 - 5*f**2 + 43*f - 8. Calculate l(4).
-44
Let z(j) = -18*j**3 + j**2 + 12*j + 26. Determine z(-2).
150
Let h(z) = -z**3 - 26*z**2 - 22*z + 117. Calculate h(-25).
42
Let u(i) = -i**3 + 2*i**2 + 140*i - 527. Give u(4).
1
Let u(w) = -76*w - 6. Determine u(0).
-6
Let u(m) = 146*m - 1305. Calculate u(9).
9
Let k(a) = a**3 - 14*a**2 + 18*a + 44. Determine k(15).
539
Let y(n) = -n**3 - 16*n**2 - 67*n - 23. Determine y(-7).
5
Let a(c) = 3*c**2 - 11*c - 58. Determine a(10).
132
Let c(j) = 2*j**3 + 64*j**2 - 6*j - 190. Determine c(-32).
2
Let y(d) = 9*d**3 - 4*d**2 + 24*d - 22. Calculate y(1).
7
Let v(a) = 2*a**3 - 33*a**2 - 52*a - 37. Give v(18).
-1
Let p(a) = 28*a - 513. Give p(19).
19
Let n(f) = 6*f**2 + 206*f + 63. Determine n(-34).
-5
Let y(g) = 56*g + 461. Determine y(-9).
-43
Let j(r) = 28*r + 2216. Calculate j(-79).
4
Let y(w) = -w**3 + 9*w**2 - 15*w + 11. Give y(6).
29
Let n(v) = -v**3 - 17*v**2 - 29*v + 22. Calculate n(-15).
7
Let a(p) = -2*p**3 - 79*p**2 - 42*p - 114. Determine a(-39).
3
Let c(w) = 5*w + 128. What is c(13)?
193
Let h(d) = -d**3 - 138*d**2 - 4615*d + 93. Give h(-57).
-21
Let d(k) = -4*k**2 - 689*k + 4783. What is d(7)?
-236
Let n(q) = -35255*q - 423067. Give n(-12).
-7
Let t(o) = -99*o + 193. Calculate t(2).
-5
Let z(i) = -26*i**2 - 1331*i + 8. Give z(-51).
263
Let q(a) = 3*a**3 + 16*a**2 + 18*a + 17. Determine q(-4).
9
Let g(i) = -1099*i + 15425. Calculate g(14).
39
Let t(l) = -5*l - 488. Determine t(-98).
2
Let q(d) = 14*d - 3. Calculate q(0).
-3
Let q(r) = r**3 + 19*r**2 - 308*r + 61. Calculate q(-30).
-599
Let d(m) = 2*m**2 - 63*m - 299. What is d(36)?
25
Let r(i) = -i + 3. Determine r(-6).
9
Let k(j) = -4*j**3 + 101*j**2 - 33*j + 220. Determine k(25).
20
Let i(l) = l**3 - 28*l**2 + 109*l - 36. Determine i(24).
276
Let k(l) = 195*l - 4409. Give k(23).
76
Let u(n) = -n**2 - 173*n - 2913. Give u(-19).
13
Let p(l) = l**2 - 42*l + 332. Determine p(24).
-100
Let h(z) = 253*z + 3013. Give h(-12).
-23
Let r(t) = -34*t**2 - 93*t - 9. Calculate r(-1).
50
Let g(u) = -872*u + 912. Determine g(1).
40
Let y(r) = -r**3 - 18*r**2 - 81*r + 36. What is y(-8)?
44
Let x(b) = -7*b**3 + 99*b**2 - 14*b + 11. Give x(14).
11
Let b(c) = 2*c**2 - 16*c + 9. What is b(16)?
265
Let v(u) = -u**3 + 3*u**2 + 2*u - 2. What is v(0)?
-2
Let b(i) = -216*i + 1366. Determine b(8).
-362
Let d(i) = -3*i**2 + 22*i + 460. Calculate d(-9).
19
Let g(k) = -42*k + 5041. What is g(121)?
-41
Let r(f) = 46*f - 3716. Calculate r(76).
-220
Let o(q) = -q**2 - 49*q - 202. Calculate o(-39).
188
Let l(t) = 7*t**2 - 44*t + 50. Determine l(7).
85
Let k(i) = 2819*i + 19711. Give k(-7).
-22
Let b(p) = 280*p - 282. What is b(1)?
-2
Let l(r) = -106*r**2 - 3921*r + 36. What is l(-37)?
-1
Let m(h) = 5*h**3 - 271*h**2 + 269*h + 1. What is m(1)?
4
Let x(g) = 3*g**2 + 324*g + 343. Give x(-107).
22
Let r(a) = -a**3 - 46*a**2 + 46*a + 2098. What is r(-46)?
-18
Let w(d) = -d**2 + 43*d + 481. Give w(-9).
13
Let h(d) = -13*d**2 - 21*d + 86. What is h(2)?
-8
Let b(u) = -2*u**3 + 3*u**2 - 18*u + 24. Determine b(2).
-16
Let s(l) = -l**2 + l + 102. What is s(14)?
-80
Let a(h) = h**3 + 51*h**2 - 224*h + 11. Calculate a(4).
-5
Let c(m) = 2*m**3 + 40*m**2 + 5*m + 28. Calculate c(-20).
-72
Let j(s) = -17*s - 161. Calculate j(-11).
26
Let n(f) = 4*f**2 + 234*f + 1776. What is n(-9)?
-6
Let b(u) = -42*u + 3699. Calculate b(88).
3
Let y(c) = -c**3 - 7*c**2 + 4*c - 108. Give y(-9).
18
Let z(i) = 9*i**2 - 88*i - 8935. Calculate z(-27).
2
Let q(w) = 2*w**3 + 14*w**2 - 116*w + 55. Give q(-12).
7
Let i(a) = -a**3 - 12*a**2 + 13*a + 16. What is i(-13)?
16
Let p(n) = 2*n**2 - 5*n + 2. Give p(0).
2
Let o(b) = b**3 - 20*b**2 + 88*b + 37. Determine o(14).
93
Let i(q) = q**2 + 32*q - 2042. What is i(-64)?
6
Let s(m) = m**3 + 49*m**2 + 54*m - 1920. Calculate s(-47).
-40
Let x(k) = -695*k + 238. Give x(1).
-457
Let g(h) = 3*h**2 - 6*h + 23. What is g(6)?
95
Let a(m) = 4*m**2 - 10*m - 7. Give a(5).
43
Let q(z) = 39*z + 14. Calculate q(-4).
-142
Let k(o) = o - 65. What is k(41)?
-24
Let x(d) = 2*d**3 - 14*d**2 + 9*d - 53. Give x(7).
10
Let q(l) = -20*l**2 - 30*l + 33. Calculate q(-2).
13
Let d(o) = 3*o**2 + 322*o - 3006. Give d(-116).
10
Let m(u) = u**2 + 70*u + 1137. Calculate m(-26).
-7
Let x(p) = 2*p**3 + 35*p**2 + 522*p + 9710. What is x(-18)?
-10
Let k(g) = 8*g - 244. Calculate k(32).
12
Let y(m) = -m**2 + 17*m - 218. Determine y(0).
-218
Let a(q) = -533*q + 3751. What is a(7)?
20
Let w(b) = 130*b**3 - b**2 - 8*b - 7. Give w(-1).
-130
Let c(i) = i**3 - 41*i**2 + 234*i + 89. Give c(34).
-47
Let j(o) = -o**3 + 3*o**2 - 4*o + 75. Calculate j(9).
-447
Let n(i) = -4*i**2 + 48*i + 44. Give n(13).
-8
Let o(f) = 71*f + 421. Give o(-6).
-5
Let d(g) = 341*g + 1865. Give d(-5).
160
Let p(l) = l**3 - 98*l**2 - 303*l + 18. Determine p(-3).
18
Let j(y) = y**3 + 8*y**2 - 466*y + 49. Determine j(-26).
-3
Let m(k) = -5*k**2 - 90*k + 935. Give m(-25).
60
Let q(y) = 68*y - 1905. Give q(28).
-1
Let m(u) = u**2 + 13*u - 158. Calculate m(-15).
-128
Let h(i) = -263*i - 15249. Calculate h(-58).
5
Let u(q) = -2*q**2 + 27*q - 68. Give u(3).
-5
Let t(y) = y**3 + 9*y**2 + 1782*y + 10584. What is t(-6)?
0
Let v(p) = 20*p**3 + 620*p**2 - 9. What is v(-31)?
-9
Let l(v) = 28*v - 131. Determine l(14).
261
Let r(i) = 263*i - 518. Give r(2).
8
Let t(c) = 98*c - 669. What is t(6)?
-81
Let j(l) = l**3 - 2*l**2 - 2*l - 98. Calculate j(0).
-98
Let y(q) = 5*q**2 - 59*q + 103. Calculate y(2).
5
Let w(s) = 140*s - 1680. Give w(12).
0
Let m(l) = -1701*l - 8477. What is m(-5)?
28
Let u(z) = 22*z - 540. Determine u(24).
-12
Let c(p) = 189*p**2 + 570*p + 3. What is c(-3)?
-6
Let q(k) = 74*k - 4632. What is q(63)?
30
Let s(k) = -60*k - 288. Determine s(-6).
72
Let n(t) = 3*t**3 - 2*t**2 + 18*t + 51. Give n(-4).
-245
Let i(o) = o**3 